00.
100
Calculate the greatest common factor of 2652476 and 3740.
68
Calculate the highest common divisor of 176 and 3929332.
44
Calculate the greatest common divisor of 584982 and 45846.
162
What is the greatest common divisor of 4147 and 8752403?
319
Calculate the greatest common divisor of 31604275 and 425.
425
What is the greatest common divisor of 1769 and 393994?
29
What is the highest common factor of 2307456 and 24?
24
What is the highest common factor of 3865273071 and 33?
33
Calculate the highest common factor of 414768 and 239136.
48
Calculate the greatest common factor of 1064 and 11210152.
152
Calculate the highest common divisor of 579 and 1567369984.
193
Calculate the greatest common divisor of 34 and 614109598.
34
What is the highest common factor of 5750395258 and 38?
38
What is the greatest common factor of 24 and 223789416?
24
Calculate the greatest common divisor of 848355506 and 92.
46
What is the highest common factor of 198966 and 1032?
6
Calculate the highest common factor of 2003127 and 2172.
543
What is the greatest common factor of 28849741 and 101?
101
What is the greatest common factor of 4000 and 236864?
32
What is the greatest common factor of 783 and 322108974?
783
What is the greatest common factor of 9 and 126818469?
9
What is the highest common divisor of 7448094 and 30?
6
Calculate the highest common divisor of 57 and 396244829.
19
What is the greatest common divisor of 7015 and 724070?
305
What is the highest common factor of 39529810 and 80?
10
Calculate the highest common divisor of 194064 and 238226.
622
Calculate the greatest common factor of 9621 and 94257.
9
What is the greatest common factor of 4840960 and 60?
20
Calculate the greatest common divisor of 17293845 and 1275.
255
What is the greatest common divisor of 30624 and 2442?
66
What is the highest common divisor of 15309 and 125581914?
2187
What is the greatest common factor of 9 and 6676479?
9
What is the highest common divisor of 158262 and 9087?
39
Calculate the greatest common factor of 232871840 and 1880.
1880
Calculate the highest common factor of 505600 and 2300.
100
What is the greatest common factor of 1925 and 42730765?
385
What is the highest common factor of 7761270 and 21750?
870
Calculate the highest common factor of 2592 and 383256.
72
What is the greatest common divisor of 12736628 and 2?
2
Calculate the highest common divisor of 3806561 and 11.
11
Calculate the greatest common factor of 79589821 and 23.
23
What is the greatest common divisor of 372807 and 396?
9
What is the greatest common factor of 35447609 and 129?
43
Calculate the highest common factor of 10583 and 528036.
557
Calculate the highest common divisor of 51840 and 1427040.
1440
What is the greatest common divisor of 29484 and 3719352?
1092
Calculate the highest common divisor of 29153486 and 61.
61
What is the greatest common factor of 198627250 and 2250?
250
What is the greatest common divisor of 6634 and 417260?
62
What is the greatest common divisor of 306672 and 13232?
16
Calculate the greatest common factor of 1017 and 1637709.
339
Calculate the greatest common divisor of 18592750 and 147125.
1375
What is the highest common divisor of 9457495 and 10?
5
Calculate the greatest common divisor of 570 and 7529745.
15
Calculate the greatest common divisor of 940139271 and 27.
27
Calculate the highest common factor of 14334779 and 4175.
167
Calculate the greatest common divisor of 28 and 5401438.
14
Calculate the highest common factor of 1271 and 74210.
41
Calculate the greatest common factor of 1024 and 373748.
4
Calculate the highest common divisor of 341623 and 158.
1
Calculate the highest common factor of 3858159 and 11980.
599
Calculate the greatest common divisor of 1806980558 and 8143.
8143
What is the highest common divisor of 722358 and 50078?
686
What is the greatest common divisor of 30589185 and 603?
201
Calculate the greatest common divisor of 830302350 and 157.
157
What is the greatest common divisor of 279 and 1819401687?
279
Calculate the greatest common divisor of 75455796 and 9048.
4524
What is the highest common factor of 4762862 and 42809?
481
Calculate the highest common divisor of 112506891 and 1715.
49
What is the greatest common factor of 75032 and 1208?
8
Calculate the greatest common divisor of 582265184 and 304.
304
Calculate the greatest common divisor of 2327135 and 230015.
1285
Calculate the greatest common factor of 20465410 and 280.
70
What is the greatest common divisor of 6835 and 2286991?
1367
What is the greatest common divisor of 37 and 272732550?
37
What is the highest common divisor of 464646584 and 272?
136
What is the highest common divisor of 9166311 and 3465?
693
Calculate the highest common factor of 966 and 115668.
42
What is the highest common divisor of 254 and 192191894?
254
Calculate the greatest common divisor of 2218408 and 25.
1
What is the greatest common divisor of 1600 and 46341500?
100
Calculate the highest common divisor of 1345 and 87848675.
1345
What is the highest common divisor of 11111 and 4888027?
271
What is the highest common factor of 2101263 and 5724304?
5039
Calculate the greatest common divisor of 332580 and 254496.
2892
What is the highest common factor of 103320 and 44939034?
5166
Calculate the highest common divisor of 668938 and 560086.
386
Calculate the greatest common divisor of 79627119 and 247.
247
Calculate the highest common divisor of 6081256 and 10158.
3386
What is the highest common factor of 7003 and 44227?
47
What is the greatest common factor of 58608 and 7405200?
1584
Calculate the highest common divisor of 1129 and 142768824.
1129
What is the highest common factor of 38066721 and 43239?
1491
Calculate the greatest common factor of 9974 and 55290869.
4987
What is the greatest common divisor of 367150329 and 2821?
2821
What is the highest common factor of 4745534 and 922?
922
Calculate the greatest common divisor of 2965792 and 1312.
32
What is the greatest common factor of 315615532 and 4112?
1028
What is the highest common divisor of 65095 and 94235?
235
What is the greatest common factor of 32232228 and 2268?
84
Calculate the greatest common factor of 11893050 and 675.
225
What is the highest common factor of 8520 and 4740315?
1065
What is the highest common divisor of 24 and 8176552?
8
What is the greatest common factor of 39528 and 1198467?
549
What is the greatest common divisor of 935 and 777733?
187
What is the highest common factor of 191632 and 37296?
112
What is the highest common divisor of 15950 and 987682?
58
What is the greatest common factor of 5167506 and 144?
6
Calculate the highest common factor of 12328 and 111320.
184
Calculate the greatest common divisor of 13484 and 6524.
4
What is the highest common factor of 7668 and 94557942?
3834
What is the greatest common divisor of 233140334 and 100814?
5306
Calculate the highest common divisor of 8120 and 1212316.
812
What is the highest common factor of 922 and 315254850?
922
Calculate the greatest common divisor of 120900 and 101299692.
4836
Calculate the greatest common factor of 990521 and 8023.
71
Calculate the greatest common factor of 2332 and 43962440.
212
What is the greatest common divisor of 96972595 and 502?
251
Calculate the greatest common factor of 22657 and 1070161.
139
Calculate the greatest common factor of 16478 and 4324726.
1498
What is the greatest common divisor of 1294985 and 1640?
205
Calculate the greatest common divisor of 24174 and 9710838.
1422
What is the greatest common factor of 261798 and 34?
2
What is the highest common factor of 162467085 and 38885?
5555
Calculate the highest common factor of 25164973 and 9774.
181
Calculate the greatest common divisor of 1090 and 15154270.
1090
Calculate the greatest common divisor of 55759216 and 2864.
2864
What is the greatest common divisor of 13749766 and 4636?
122
Calculate the greatest common factor of 5441544 and 360.
72
Calculate the highest common divisor of 76386246 and 1578.
1578
What is the highest common divisor of 9299466 and 18?
18
Calculate the greatest common divisor of 32280 and 8654268.
3228
What is the highest common factor of 2793 and 3386199?
57
What is the highest common divisor of 2979536 and 109520?
592
What is the greate